{"id":8308,"date":"2024-05-09T19:25:50","date_gmt":"2024-05-10T00:25:50","guid":{"rendered":"https:\/\/itp.edu.co\/ITP2022\/?page_id=8308"},"modified":"2024-05-17T10:05:30","modified_gmt":"2024-05-17T15:05:30","slug":"insternacionaliacion-quienes-somos","status":"publish","type":"page","link":"https:\/\/itp.edu.co\/ITP2022\/?page_id=8308","title":{"rendered":"Internacionalizaci\u00f3n &#8211; \u00bfQuienes somos?"},"content":{"rendered":"<p>Men\u00fa<\/p>\n<nav data-toggle-icon=\"&lt;i aria-hidden=&quot;true&quot; tabindex=&quot;0&quot; class=&quot;fas fa-align-justify&quot;&gt;&lt;\/i&gt;\" data-close-icon=\"&lt;i aria-hidden=&quot;true&quot; tabindex=&quot;0&quot; class=&quot;far fa-window-close&quot;&gt;&lt;\/i&gt;\" data-full-width=\"yes\">\n<ul id=\"menu-1-a12b3f1\">\n<li id=\"menu-item-8401\"><a href=\"https:\/\/itp.edu.co\/ITP2022\/?page_id=8308\" class = \"hfe-menu-item\">\u00bfQuienes somos?<\/a><\/li>\n<li id=\"menu-item-8400\"><a href=\"https:\/\/itp.edu.co\/ITP2022\/?page_id=8314\" class = \"hfe-menu-item\">Servicios<\/a><\/li>\n<li id=\"menu-item-8399\"><a href=\"https:\/\/itp.edu.co\/ITP2022\/?page_id=8320\" class = \"hfe-menu-item\">Convocatorias<\/a><\/li>\n<li id=\"menu-item-8398\"><a href=\"https:\/\/itp.edu.co\/ITP2022\/?page_id=8327\" class = \"hfe-menu-item\">Casos de \u00e9xito<\/a><\/li>\n<li id=\"menu-item-8397\"><a href=\"https:\/\/itp.edu.co\/ITP2022\/?page_id=8335\" class = \"hfe-menu-item\">Videos<\/a><\/li>\n<li id=\"menu-item-8396\"><a href=\"https:\/\/itp.edu.co\/ITP2022\/?page_id=8344\" class = \"hfe-menu-item\">Boletines<\/a><\/li>\n<li id=\"menu-item-8395\"><a href=\"https:\/\/itp.edu.co\/ITP2022\/?page_id=8350\" class = \"hfe-menu-item\">Noticias<\/a><\/li>\n<li id=\"menu-item-8394\"><a href=\"https:\/\/itp.edu.co\/ITP2022\/?page_id=8355\" class = \"hfe-menu-item\">Eventos<\/a><\/li>\n<li id=\"menu-item-8393\"><a href=\"https:\/\/itp.edu.co\/ITP2022\/?page_id=8365\" class = \"hfe-menu-item\">Movilidades<\/a><\/li>\n<\/ul>\n<\/nav>\n<p>\t\t\t\t\t\t\t\t\tEquipo de trabajo<br \/>\n\t\t\t\t\t\t\t\t\t\u00bfQue es la ORI?<br \/>\n\t\t\t\t\t\t\t\t\tFunciones<br \/>\n\t\t\t\t\t\t\t\t\tMisi\u00f3n Visi\u00f3n<br \/>\n\t\t\t\t\t\t\t\t\tEquipo de trabajo<br \/>\n\t\t\t\t\tLorem fistrum por la gloria de mi madre esse jarl aliqua llevame al sircoo. De la pradera ullamco qu\u00e9 dise usteer est\u00e1 la cosa muy malar.<br \/>\n\t\t\t\t\t\t\t\t\t\u00bfQue es la ORI?<br \/>\n\t\t\t\t\tLorem fistrum por la gloria de mi madre esse jarl aliqua llevame al sircoo. De la pradera ullamco qu\u00e9 dise usteer est\u00e1 la cosa muy malar.<br \/>\n\t\t\t\t\t\t\t\t\tFunciones<br \/>\n\t\t\t\t\tContenido de la pesta\u00f1a<br \/>\n\t\t\t\t\t\t\t\t\tMisi\u00f3n Visi\u00f3n<br \/>\n\t\t\t\t\tContenido de la pesta\u00f1a<\/p>\n","protected":false},"excerpt":{"rendered":"<p>Men\u00fa \u00bfQuienes somos? Servicios Convocatorias Casos de \u00e9xito Videos Boletines Noticias Eventos Movilidades Equipo de trabajo \u00bfQue es la ORI? Funciones Misi\u00f3n Visi\u00f3n Equipo de trabajo Lorem fistrum por la gloria de mi madre esse jarl aliqua llevame al sircoo. De la pradera ullamco qu\u00e9 dise usteer est\u00e1 la cosa muy malar. \u00bfQue es la ORI? Lorem fistrum por la gloria de mi madre esse jarl aliqua llevame al sircoo. De la pradera ullamco qu\u00e9 dise usteer est\u00e1 la cosa muy malar. Funciones Contenido de la pesta\u00f1a Misi\u00f3n Visi\u00f3n Contenido de la pesta\u00f1a<\/p>\n","protected":false},"author":1,"featured_media":0,"parent":0,"menu_order":0,"comment_status":"closed","ping_status":"closed","template":"","meta":{"_uag_custom_page_level_css":"","neve_meta_sidebar":"","neve_meta_container":"","neve_meta_enable_content_width":"","neve_meta_content_width":0,"neve_meta_title_alignment":"","neve_meta_author_avatar":"","neve_post_elements_order":"","neve_meta_disable_header":"","neve_meta_disable_footer":"","neve_meta_disable_title":"","footnotes":""},"class_list":["post-8308","page","type-page","status-publish","hentry"],"yoast_head":"<!-- This site is optimized with the Yoast SEO plugin v27.5 - https:\/\/yoast.com\/product\/yoast-seo-wordpress\/ -->\n<title>Internacionalizaci\u00f3n - \u00bfQuienes somos? - UNIPUTUMAYO<\/title>\n<meta name=\"robots\" content=\"index, follow, max-snippet:-1, max-image-preview:large, max-video-preview:-1\" \/>\n<link rel=\"canonical\" href=\"https:\/\/itp.edu.co\/ITP2022\/?page_id=8308\" \/>\n<meta property=\"og:locale\" content=\"es_ES\" \/>\n<meta property=\"og:type\" content=\"article\" \/>\n<meta property=\"og:title\" content=\"Internacionalizaci\u00f3n - \u00bfQuienes somos? - UNIPUTUMAYO\" \/>\n<meta property=\"og:description\" content=\"Men\u00fa \u00bfQuienes somos? Servicios Convocatorias Casos de \u00e9xito Videos Boletines Noticias Eventos Movilidades Equipo de trabajo \u00bfQue es la ORI? Funciones Misi\u00f3n Visi\u00f3n Equipo de trabajo Lorem fistrum por la gloria de mi madre esse jarl aliqua llevame al sircoo. De la pradera ullamco qu\u00e9 dise usteer est\u00e1 la cosa muy malar. \u00bfQue es la ORI? Lorem fistrum por la gloria de mi madre esse jarl aliqua llevame al sircoo. De la pradera ullamco qu\u00e9 dise usteer est\u00e1 la cosa muy malar. Funciones Contenido de la pesta\u00f1a Misi\u00f3n Visi\u00f3n Contenido de la pesta\u00f1a\" \/>\n<meta property=\"og:url\" content=\"https:\/\/itp.edu.co\/ITP2022\/?page_id=8308\" \/>\n<meta property=\"og:site_name\" content=\"UNIPUTUMAYO\" \/>\n<meta property=\"article:publisher\" content=\"https:\/\/www.facebook.com\/OficialITP\/?locale=es_LA\" \/>\n<meta property=\"article:modified_time\" content=\"2024-05-17T15:05:30+00:00\" \/>\n<meta name=\"twitter:card\" content=\"summary_large_image\" \/>\n<meta name=\"twitter:site\" content=\"@ITPOficial\" \/>\n<script type=\"application\/ld+json\" class=\"yoast-schema-graph\">{\"@context\":\"https:\\\/\\\/schema.org\",\"@graph\":[{\"@type\":\"WebPage\",\"@id\":\"https:\\\/\\\/itp.edu.co\\\/ITP2022\\\/?page_id=8308\",\"url\":\"https:\\\/\\\/itp.edu.co\\\/ITP2022\\\/?page_id=8308\",\"name\":\"Internacionalizaci\u00f3n - \u00bfQuienes somos? - UNIPUTUMAYO\",\"isPartOf\":{\"@id\":\"https:\\\/\\\/itp.edu.co\\\/ITP2022\\\/#website\"},\"datePublished\":\"2024-05-10T00:25:50+00:00\",\"dateModified\":\"2024-05-17T15:05:30+00:00\",\"breadcrumb\":{\"@id\":\"https:\\\/\\\/itp.edu.co\\\/ITP2022\\\/?page_id=8308#breadcrumb\"},\"inLanguage\":\"es-CO\",\"potentialAction\":[{\"@type\":\"ReadAction\",\"target\":[\"https:\\\/\\\/itp.edu.co\\\/ITP2022\\\/?page_id=8308\"]}]},{\"@type\":\"BreadcrumbList\",\"@id\":\"https:\\\/\\\/itp.edu.co\\\/ITP2022\\\/?page_id=8308#breadcrumb\",\"itemListElement\":[{\"@type\":\"ListItem\",\"position\":1,\"name\":\"Inicio\",\"item\":\"https:\\\/\\\/itp.edu.co\\\/ITP2022\\\/\"},{\"@type\":\"ListItem\",\"position\":2,\"name\":\"Internacionalizaci\u00f3n &#8211; \u00bfQuienes somos?\"}]},{\"@type\":\"WebSite\",\"@id\":\"https:\\\/\\\/itp.edu.co\\\/ITP2022\\\/#website\",\"url\":\"https:\\\/\\\/itp.edu.co\\\/ITP2022\\\/\",\"name\":\"UNIPUTUMAYO\",\"description\":\"\",\"publisher\":{\"@id\":\"https:\\\/\\\/itp.edu.co\\\/ITP2022\\\/#organization\"},\"potentialAction\":[{\"@type\":\"SearchAction\",\"target\":{\"@type\":\"EntryPoint\",\"urlTemplate\":\"https:\\\/\\\/itp.edu.co\\\/ITP2022\\\/?s={search_term_string}\"},\"query-input\":{\"@type\":\"PropertyValueSpecification\",\"valueRequired\":true,\"valueName\":\"search_term_string\"}}],\"inLanguage\":\"es-CO\"},{\"@type\":\"Organization\",\"@id\":\"https:\\\/\\\/itp.edu.co\\\/ITP2022\\\/#organization\",\"name\":\"UNIPUTUMAYO\",\"url\":\"https:\\\/\\\/itp.edu.co\\\/ITP2022\\\/\",\"logo\":{\"@type\":\"ImageObject\",\"inLanguage\":\"es-CO\",\"@id\":\"https:\\\/\\\/itp.edu.co\\\/ITP2022\\\/#\\\/schema\\\/logo\\\/image\\\/\",\"url\":\"https:\\\/\\\/i0.wp.com\\\/itp.edu.co\\\/ITP2022\\\/wp-content\\\/uploads\\\/2025\\\/11\\\/Logo-azul-PNG-01-scaled.webp?fit=1920%2C620&ssl=1\",\"contentUrl\":\"https:\\\/\\\/i0.wp.com\\\/itp.edu.co\\\/ITP2022\\\/wp-content\\\/uploads\\\/2025\\\/11\\\/Logo-azul-PNG-01-scaled.webp?fit=1920%2C620&ssl=1\",\"width\":1920,\"height\":620,\"caption\":\"UNIPUTUMAYO\"},\"image\":{\"@id\":\"https:\\\/\\\/itp.edu.co\\\/ITP2022\\\/#\\\/schema\\\/logo\\\/image\\\/\"},\"sameAs\":[\"https:\\\/\\\/www.facebook.com\\\/OficialITP\\\/?locale=es_LA\",\"https:\\\/\\\/x.com\\\/ITPOficial\"]}]}<\/script>\n<!-- \/ Yoast SEO plugin. -->","yoast_head_json":{"title":"Internacionalizaci\u00f3n - \u00bfQuienes somos? - UNIPUTUMAYO","robots":{"index":"index","follow":"follow","max-snippet":"max-snippet:-1","max-image-preview":"max-image-preview:large","max-video-preview":"max-video-preview:-1"},"canonical":"https:\/\/itp.edu.co\/ITP2022\/?page_id=8308","og_locale":"es_ES","og_type":"article","og_title":"Internacionalizaci\u00f3n - \u00bfQuienes somos? - UNIPUTUMAYO","og_description":"Men\u00fa \u00bfQuienes somos? Servicios Convocatorias Casos de \u00e9xito Videos Boletines Noticias Eventos Movilidades Equipo de trabajo \u00bfQue es la ORI? Funciones Misi\u00f3n Visi\u00f3n Equipo de trabajo Lorem fistrum por la gloria de mi madre esse jarl aliqua llevame al sircoo. De la pradera ullamco qu\u00e9 dise usteer est\u00e1 la cosa muy malar. \u00bfQue es la ORI? Lorem fistrum por la gloria de mi madre esse jarl aliqua llevame al sircoo. De la pradera ullamco qu\u00e9 dise usteer est\u00e1 la cosa muy malar. Funciones Contenido de la pesta\u00f1a Misi\u00f3n Visi\u00f3n Contenido de la pesta\u00f1a","og_url":"https:\/\/itp.edu.co\/ITP2022\/?page_id=8308","og_site_name":"UNIPUTUMAYO","article_publisher":"https:\/\/www.facebook.com\/OficialITP\/?locale=es_LA","article_modified_time":"2024-05-17T15:05:30+00:00","twitter_card":"summary_large_image","twitter_site":"@ITPOficial","schema":{"@context":"https:\/\/schema.org","@graph":[{"@type":"WebPage","@id":"https:\/\/itp.edu.co\/ITP2022\/?page_id=8308","url":"https:\/\/itp.edu.co\/ITP2022\/?page_id=8308","name":"Internacionalizaci\u00f3n - \u00bfQuienes somos? - UNIPUTUMAYO","isPartOf":{"@id":"https:\/\/itp.edu.co\/ITP2022\/#website"},"datePublished":"2024-05-10T00:25:50+00:00","dateModified":"2024-05-17T15:05:30+00:00","breadcrumb":{"@id":"https:\/\/itp.edu.co\/ITP2022\/?page_id=8308#breadcrumb"},"inLanguage":"es-CO","potentialAction":[{"@type":"ReadAction","target":["https:\/\/itp.edu.co\/ITP2022\/?page_id=8308"]}]},{"@type":"BreadcrumbList","@id":"https:\/\/itp.edu.co\/ITP2022\/?page_id=8308#breadcrumb","itemListElement":[{"@type":"ListItem","position":1,"name":"Inicio","item":"https:\/\/itp.edu.co\/ITP2022\/"},{"@type":"ListItem","position":2,"name":"Internacionalizaci\u00f3n &#8211; \u00bfQuienes somos?"}]},{"@type":"WebSite","@id":"https:\/\/itp.edu.co\/ITP2022\/#website","url":"https:\/\/itp.edu.co\/ITP2022\/","name":"UNIPUTUMAYO","description":"","publisher":{"@id":"https:\/\/itp.edu.co\/ITP2022\/#organization"},"potentialAction":[{"@type":"SearchAction","target":{"@type":"EntryPoint","urlTemplate":"https:\/\/itp.edu.co\/ITP2022\/?s={search_term_string}"},"query-input":{"@type":"PropertyValueSpecification","valueRequired":true,"valueName":"search_term_string"}}],"inLanguage":"es-CO"},{"@type":"Organization","@id":"https:\/\/itp.edu.co\/ITP2022\/#organization","name":"UNIPUTUMAYO","url":"https:\/\/itp.edu.co\/ITP2022\/","logo":{"@type":"ImageObject","inLanguage":"es-CO","@id":"https:\/\/itp.edu.co\/ITP2022\/#\/schema\/logo\/image\/","url":"https:\/\/i0.wp.com\/itp.edu.co\/ITP2022\/wp-content\/uploads\/2025\/11\/Logo-azul-PNG-01-scaled.webp?fit=1920%2C620&ssl=1","contentUrl":"https:\/\/i0.wp.com\/itp.edu.co\/ITP2022\/wp-content\/uploads\/2025\/11\/Logo-azul-PNG-01-scaled.webp?fit=1920%2C620&ssl=1","width":1920,"height":620,"caption":"UNIPUTUMAYO"},"image":{"@id":"https:\/\/itp.edu.co\/ITP2022\/#\/schema\/logo\/image\/"},"sameAs":["https:\/\/www.facebook.com\/OficialITP\/?locale=es_LA","https:\/\/x.com\/ITPOficial"]}]}},"uagb_featured_image_src":{"full":false,"thumbnail":false,"medium":false,"medium_large":false,"large":false,"1536x1536":false,"2048x2048":false,"smart-post-landscape":false,"smart-post-portrait":false,"neve-blog":false,"psacp-medium":false},"uagb_author_info":{"display_name":"administrador","author_link":"https:\/\/itp.edu.co\/ITP2022\/author\/administrador"},"uagb_comment_info":0,"uagb_excerpt":"Men\u00fa \u00bfQuienes somos? Servicios Convocatorias Casos de \u00e9xito Videos Boletines Noticias Eventos Movilidades Equipo de trabajo \u00bfQue es la ORI? Funciones Misi\u00f3n Visi\u00f3n Equipo de trabajo Lorem fistrum por la gloria de mi madre esse jarl aliqua llevame al sircoo. De la pradera ullamco qu\u00e9 dise usteer est\u00e1 la cosa muy malar. \u00bfQue es la&hellip;","jetpack-related-posts":[],"jetpack_sharing_enabled":true,"rttpg_featured_image_url":null,"rttpg_author":{"display_name":"administrador","author_link":"https:\/\/itp.edu.co\/ITP2022\/author\/administrador"},"rttpg_comment":0,"rttpg_category":null,"rttpg_excerpt":"Men\u00fa \u00bfQuienes somos? Servicios Convocatorias Casos de \u00e9xito Videos Boletines Noticias Eventos Movilidades Equipo de trabajo \u00bfQue es la ORI? Funciones Misi\u00f3n Visi\u00f3n Equipo de trabajo Lorem fistrum por la gloria de mi madre esse jarl aliqua llevame al sircoo. De la pradera ullamco qu\u00e9 dise usteer est\u00e1 la cosa muy malar. \u00bfQue es la&hellip;","_links":{"self":[{"href":"https:\/\/itp.edu.co\/ITP2022\/index.php?rest_route=\/wp\/v2\/pages\/8308","targetHints":{"allow":["GET"]}}],"collection":[{"href":"https:\/\/itp.edu.co\/ITP2022\/index.php?rest_route=\/wp\/v2\/pages"}],"about":[{"href":"https:\/\/itp.edu.co\/ITP2022\/index.php?rest_route=\/wp\/v2\/types\/page"}],"author":[{"embeddable":true,"href":"https:\/\/itp.edu.co\/ITP2022\/index.php?rest_route=\/wp\/v2\/users\/1"}],"replies":[{"embeddable":true,"href":"https:\/\/itp.edu.co\/ITP2022\/index.php?rest_route=%2Fwp%2Fv2%2Fcomments&post=8308"}],"version-history":[{"count":11,"href":"https:\/\/itp.edu.co\/ITP2022\/index.php?rest_route=\/wp\/v2\/pages\/8308\/revisions"}],"predecessor-version":[{"id":8429,"href":"https:\/\/itp.edu.co\/ITP2022\/index.php?rest_route=\/wp\/v2\/pages\/8308\/revisions\/8429"}],"wp:attachment":[{"href":"https:\/\/itp.edu.co\/ITP2022\/index.php?rest_route=%2Fwp%2Fv2%2Fmedia&parent=8308"}],"curies":[{"name":"wp","href":"https:\/\/api.w.org\/{rel}","templated":true}]}}