{"id":14766,"date":"2025-09-30T10:09:40","date_gmt":"2025-09-30T15:09:40","guid":{"rendered":"https:\/\/itp.edu.co\/ITP2022\/?page_id=14766"},"modified":"2025-09-30T13:55:58","modified_gmt":"2025-09-30T18:55:58","slug":"biblioteca-uniputumayo-equipo-de-trabajo","status":"publish","type":"page","link":"https:\/\/itp.edu.co\/ITP2022\/?page_id=14766","title":{"rendered":"Biblioteca Uniputumayo &#8211; Equipo de trabajo"},"content":{"rendered":"\t\t<div data-elementor-type=\"wp-page\" data-elementor-id=\"14766\" class=\"elementor elementor-14766\">\n\t\t\t\t<div class=\"elementor-element elementor-element-7dde8ef e-flex e-con-boxed wpr-particle-no wpr-jarallax-no wpr-parallax-no wpr-sticky-section-no wpr-equal-height-no e-con e-parent\" data-id=\"7dde8ef\" data-element_type=\"container\" data-e-type=\"container\">\n\t\t\t\t\t<div class=\"e-con-inner\">\n\t\t<div class=\"elementor-element elementor-element-90310fd e-con-full e-flex wpr-particle-no wpr-jarallax-no wpr-parallax-no wpr-sticky-section-no wpr-equal-height-no e-con e-child\" data-id=\"90310fd\" data-element_type=\"container\" data-e-type=\"container\">\n\t\t\t\t<div class=\"elementor-element elementor-element-cd59c18 elementor-widget elementor-widget-image\" data-id=\"cd59c18\" data-element_type=\"widget\" data-e-type=\"widget\" data-widget_type=\"image.default\">\n\t\t\t\t<div class=\"elementor-widget-container\">\n\t\t\t\t\t\t\t\t\t\t\t\t\t\t\t<img loading=\"lazy\" decoding=\"async\" width=\"1024\" height=\"330\" src=\"https:\/\/i0.wp.com\/itp.edu.co\/ITP2022\/wp-content\/uploads\/2025\/07\/Logo-azul-PNG-01-scaled.png?fit=1024%2C330&amp;ssl=1\" class=\"attachment-large size-large wp-image-14311\" alt=\"\" srcset=\"https:\/\/i0.wp.com\/itp.edu.co\/ITP2022\/wp-content\/uploads\/2025\/07\/Logo-azul-PNG-01-scaled.png?w=2560&amp;ssl=1 2560w, https:\/\/i0.wp.com\/itp.edu.co\/ITP2022\/wp-content\/uploads\/2025\/07\/Logo-azul-PNG-01-scaled.png?resize=300%2C97&amp;ssl=1 300w, https:\/\/i0.wp.com\/itp.edu.co\/ITP2022\/wp-content\/uploads\/2025\/07\/Logo-azul-PNG-01-scaled.png?resize=1024%2C330&amp;ssl=1 1024w, https:\/\/i0.wp.com\/itp.edu.co\/ITP2022\/wp-content\/uploads\/2025\/07\/Logo-azul-PNG-01-scaled.png?resize=768%2C248&amp;ssl=1 768w, https:\/\/i0.wp.com\/itp.edu.co\/ITP2022\/wp-content\/uploads\/2025\/07\/Logo-azul-PNG-01-scaled.png?resize=1536%2C496&amp;ssl=1 1536w, https:\/\/i0.wp.com\/itp.edu.co\/ITP2022\/wp-content\/uploads\/2025\/07\/Logo-azul-PNG-01-scaled.png?resize=2048%2C661&amp;ssl=1 2048w, https:\/\/i0.wp.com\/itp.edu.co\/ITP2022\/wp-content\/uploads\/2025\/07\/Logo-azul-PNG-01-scaled.png?w=2400&amp;ssl=1 2400w\" sizes=\"auto, (max-width: 1024px) 100vw, 1024px\" \/>\t\t\t\t\t\t\t\t\t\t\t\t\t\t\t<\/div>\n\t\t\t\t<\/div>\n\t\t\t\t<\/div>\n\t\t<div class=\"elementor-element elementor-element-6ce07db e-con-full e-flex wpr-particle-no wpr-jarallax-no wpr-parallax-no wpr-sticky-section-no wpr-equal-height-no e-con e-child\" data-id=\"6ce07db\" data-element_type=\"container\" data-e-type=\"container\">\n\t\t\t\t<div class=\"elementor-element elementor-element-d4094ba elementor-widget elementor-widget-heading\" data-id=\"d4094ba\" data-element_type=\"widget\" data-e-type=\"widget\" data-widget_type=\"heading.default\">\n\t\t\t\t<div class=\"elementor-widget-container\">\n\t\t\t\t\t<h2 class=\"elementor-heading-title elementor-size-default\">Biblioteca - Uniputumayo <\/br>\nEquipo de Trabajo<\/h2>\t\t\t\t<\/div>\n\t\t\t\t<\/div>\n\t\t\t\t<\/div>\n\t\t\t\t\t<\/div>\n\t\t\t\t<\/div>\n\t\t<div class=\"elementor-element elementor-element-dc9568c e-flex e-con-boxed wpr-particle-no wpr-jarallax-no wpr-parallax-no wpr-sticky-section-no wpr-equal-height-no e-con e-parent\" data-id=\"dc9568c\" data-element_type=\"container\" data-e-type=\"container\">\n\t\t\t\t\t<div class=\"e-con-inner\">\n\t\t<div class=\"elementor-element elementor-element-c224fef e-con-full e-flex wpr-particle-no wpr-jarallax-no wpr-parallax-no wpr-sticky-section-no wpr-equal-height-no e-con e-child\" data-id=\"c224fef\" data-element_type=\"container\" data-e-type=\"container\">\n\t\t\t\t<div class=\"elementor-element elementor-element-541df92 elementor-widget elementor-widget-text-editor\" data-id=\"541df92\" data-element_type=\"widget\" data-e-type=\"widget\" data-widget_type=\"text-editor.default\">\n\t\t\t\t<div class=\"elementor-widget-container\">\n\t\t\t\t\t\t\t\t\t<p>En la Instituci\u00f3n Universitaria del Putumayo, la biblioteca juega un papel fundamental en el proceso educativo y en el desarrollo acad\u00e9mico de estudiantes y docentes. El grupo de trabajo de la biblioteca est\u00e1 conformado por un equipo altamente comprometido en la sede principal el equipo de trabajo est\u00e1 conformado por:<\/p>\t\t\t\t\t\t\t\t<\/div>\n\t\t\t\t<\/div>\n\t\t\t\t<\/div>\n\t\t\t\t\t<\/div>\n\t\t\t\t<\/div>\n\t\t<div class=\"elementor-element elementor-element-d11e574 e-flex e-con-boxed wpr-particle-no wpr-jarallax-no wpr-parallax-no wpr-sticky-section-no wpr-equal-height-no e-con e-parent\" data-id=\"d11e574\" data-element_type=\"container\" data-e-type=\"container\">\n\t\t\t\t\t<div class=\"e-con-inner\">\n\t\t<div class=\"elementor-element elementor-element-d7dd521 e-con-full e-flex wpr-particle-no wpr-jarallax-no wpr-parallax-no wpr-sticky-section-no wpr-equal-height-no e-con e-child\" data-id=\"d7dd521\" data-element_type=\"container\" data-e-type=\"container\">\n\t\t\t\t<div class=\"elementor-element elementor-element-16651e4 elementor-widget elementor-widget-heading\" data-id=\"16651e4\" data-element_type=\"widget\" data-e-type=\"widget\" data-widget_type=\"heading.default\">\n\t\t\t\t<div class=\"elementor-widget-container\">\n\t\t\t\t\t<h2 class=\"elementor-heading-title elementor-size-default\">Sede Mocoa<\/h2>\t\t\t\t<\/div>\n\t\t\t\t<\/div>\n\t\t\t\t<\/div>\n\t\t\t\t\t<\/div>\n\t\t\t\t<\/div>\n\t\t<div class=\"elementor-element elementor-element-b6cde70 e-flex e-con-boxed wpr-particle-no wpr-jarallax-no wpr-parallax-no wpr-sticky-section-no wpr-equal-height-no e-con e-parent\" data-id=\"b6cde70\" data-element_type=\"container\" data-e-type=\"container\">\n\t\t\t\t\t<div class=\"e-con-inner\">\n\t\t<div class=\"elementor-element elementor-element-312712f e-con-full e-flex wpr-particle-no wpr-jarallax-no wpr-parallax-no wpr-sticky-section-no wpr-equal-height-no e-con e-child\" data-id=\"312712f\" data-element_type=\"container\" data-e-type=\"container\">\n\t\t\t\t<div class=\"elementor-element elementor-element-7a39e1c elementor-position-top elementor-widget elementor-widget-image-box\" data-id=\"7a39e1c\" data-element_type=\"widget\" data-e-type=\"widget\" data-widget_type=\"image-box.default\">\n\t\t\t\t<div class=\"elementor-widget-container\">\n\t\t\t\t\t<div class=\"elementor-image-box-wrapper\"><figure class=\"elementor-image-box-img\"><img loading=\"lazy\" decoding=\"async\" width=\"1920\" height=\"2560\" src=\"https:\/\/i0.wp.com\/itp.edu.co\/ITP2022\/wp-content\/uploads\/2025\/09\/BibliotecaGilberto-scaled.jpeg?fit=1920%2C2560&amp;ssl=1\" class=\"attachment-full size-full wp-image-14776\" alt=\"\" srcset=\"https:\/\/i0.wp.com\/itp.edu.co\/ITP2022\/wp-content\/uploads\/2025\/09\/BibliotecaGilberto-scaled.jpeg?w=1920&amp;ssl=1 1920w, https:\/\/i0.wp.com\/itp.edu.co\/ITP2022\/wp-content\/uploads\/2025\/09\/BibliotecaGilberto-scaled.jpeg?resize=225%2C300&amp;ssl=1 225w, https:\/\/i0.wp.com\/itp.edu.co\/ITP2022\/wp-content\/uploads\/2025\/09\/BibliotecaGilberto-scaled.jpeg?resize=768%2C1024&amp;ssl=1 768w, https:\/\/i0.wp.com\/itp.edu.co\/ITP2022\/wp-content\/uploads\/2025\/09\/BibliotecaGilberto-scaled.jpeg?resize=1152%2C1536&amp;ssl=1 1152w, https:\/\/i0.wp.com\/itp.edu.co\/ITP2022\/wp-content\/uploads\/2025\/09\/BibliotecaGilberto-scaled.jpeg?resize=1536%2C2048&amp;ssl=1 1536w\" sizes=\"auto, (max-width: 1200px) 100vw, 1200px\" \/><\/figure><div class=\"elementor-image-box-content\"><h3 class=\"elementor-image-box-title\">Gilberto Palacios Bola\u00f1os<\/h3><p class=\"elementor-image-box-description\">\nAuxiliar administrativo <\/br>\nCorreo: gipalacios@itp.edu.co<\/p><\/div><\/div>\t\t\t\t<\/div>\n\t\t\t\t<\/div>\n\t\t\t\t<\/div>\n\t\t<div class=\"elementor-element elementor-element-6bfb504 e-con-full e-flex wpr-particle-no wpr-jarallax-no wpr-parallax-no wpr-sticky-section-no wpr-equal-height-no e-con e-child\" data-id=\"6bfb504\" data-element_type=\"container\" data-e-type=\"container\">\n\t\t\t\t<div class=\"elementor-element elementor-element-829d48f elementor-position-top elementor-widget elementor-widget-image-box\" data-id=\"829d48f\" data-element_type=\"widget\" data-e-type=\"widget\" data-widget_type=\"image-box.default\">\n\t\t\t\t<div class=\"elementor-widget-container\">\n\t\t\t\t\t<div class=\"elementor-image-box-wrapper\"><figure class=\"elementor-image-box-img\"><img loading=\"lazy\" decoding=\"async\" width=\"1920\" height=\"2560\" src=\"https:\/\/i0.wp.com\/itp.edu.co\/ITP2022\/wp-content\/uploads\/2025\/09\/BibliotecaProfesionalApoyoMocoa-scaled.jpeg?fit=1920%2C2560&amp;ssl=1\" class=\"attachment-full size-full wp-image-14777\" alt=\"\" srcset=\"https:\/\/i0.wp.com\/itp.edu.co\/ITP2022\/wp-content\/uploads\/2025\/09\/BibliotecaProfesionalApoyoMocoa-scaled.jpeg?w=1920&amp;ssl=1 1920w, https:\/\/i0.wp.com\/itp.edu.co\/ITP2022\/wp-content\/uploads\/2025\/09\/BibliotecaProfesionalApoyoMocoa-scaled.jpeg?resize=225%2C300&amp;ssl=1 225w, https:\/\/i0.wp.com\/itp.edu.co\/ITP2022\/wp-content\/uploads\/2025\/09\/BibliotecaProfesionalApoyoMocoa-scaled.jpeg?resize=768%2C1024&amp;ssl=1 768w, https:\/\/i0.wp.com\/itp.edu.co\/ITP2022\/wp-content\/uploads\/2025\/09\/BibliotecaProfesionalApoyoMocoa-scaled.jpeg?resize=1152%2C1536&amp;ssl=1 1152w, https:\/\/i0.wp.com\/itp.edu.co\/ITP2022\/wp-content\/uploads\/2025\/09\/BibliotecaProfesionalApoyoMocoa-scaled.jpeg?resize=1536%2C2048&amp;ssl=1 1536w\" sizes=\"auto, (max-width: 1200px) 100vw, 1200px\" \/><\/figure><div class=\"elementor-image-box-content\"><h3 class=\"elementor-image-box-title\">Yuliza Mar\u00eda Obeid Coronado<\/h3><p class=\"elementor-image-box-description\">Profesional de apoyo <\/br>\nCorreo: yuliza.obeid@itp.edu.co<\/p><\/div><\/div>\t\t\t\t<\/div>\n\t\t\t\t<\/div>\n\t\t\t\t<\/div>\n\t\t\t\t\t<\/div>\n\t\t\t\t<\/div>\n\t\t<div class=\"elementor-element elementor-element-8b679b3 e-flex e-con-boxed wpr-particle-no wpr-jarallax-no wpr-parallax-no wpr-sticky-section-no wpr-equal-height-no e-con e-parent\" data-id=\"8b679b3\" data-element_type=\"container\" data-e-type=\"container\">\n\t\t\t\t\t<div class=\"e-con-inner\">\n\t\t\t\t<div class=\"elementor-element elementor-element-d24a29c elementor-widget elementor-widget-heading\" data-id=\"d24a29c\" data-element_type=\"widget\" data-e-type=\"widget\" data-widget_type=\"heading.default\">\n\t\t\t\t<div class=\"elementor-widget-container\">\n\t\t\t\t\t<h2 class=\"elementor-heading-title elementor-size-default\">Subsede Sibundoy<\/h2>\t\t\t\t<\/div>\n\t\t\t\t<\/div>\n\t\t\t\t\t<\/div>\n\t\t\t\t<\/div>\n\t\t<div class=\"elementor-element elementor-element-8986da0 e-flex e-con-boxed wpr-particle-no wpr-jarallax-no wpr-parallax-no wpr-sticky-section-no wpr-equal-height-no e-con e-parent\" data-id=\"8986da0\" data-element_type=\"container\" data-e-type=\"container\">\n\t\t\t\t\t<div class=\"e-con-inner\">\n\t\t<div class=\"elementor-element elementor-element-b2e34c0 e-con-full e-flex wpr-particle-no wpr-jarallax-no wpr-parallax-no wpr-sticky-section-no wpr-equal-height-no e-con e-child\" data-id=\"b2e34c0\" data-element_type=\"container\" data-e-type=\"container\">\n\t\t\t\t<div class=\"elementor-element elementor-element-0d173c5 elementor-position-top elementor-widget elementor-widget-image-box\" data-id=\"0d173c5\" data-element_type=\"widget\" data-e-type=\"widget\" data-widget_type=\"image-box.default\">\n\t\t\t\t<div class=\"elementor-widget-container\">\n\t\t\t\t\t<div class=\"elementor-image-box-wrapper\"><figure class=\"elementor-image-box-img\"><img loading=\"lazy\" decoding=\"async\" width=\"900\" height=\"1117\" src=\"https:\/\/i0.wp.com\/itp.edu.co\/ITP2022\/wp-content\/uploads\/2025\/09\/BibliotecaPaula.jpeg?fit=900%2C1117&amp;ssl=1\" class=\"attachment-full size-full wp-image-14778\" alt=\"\" srcset=\"https:\/\/i0.wp.com\/itp.edu.co\/ITP2022\/wp-content\/uploads\/2025\/09\/BibliotecaPaula.jpeg?w=900&amp;ssl=1 900w, https:\/\/i0.wp.com\/itp.edu.co\/ITP2022\/wp-content\/uploads\/2025\/09\/BibliotecaPaula.jpeg?resize=242%2C300&amp;ssl=1 242w, https:\/\/i0.wp.com\/itp.edu.co\/ITP2022\/wp-content\/uploads\/2025\/09\/BibliotecaPaula.jpeg?resize=825%2C1024&amp;ssl=1 825w, https:\/\/i0.wp.com\/itp.edu.co\/ITP2022\/wp-content\/uploads\/2025\/09\/BibliotecaPaula.jpeg?resize=768%2C953&amp;ssl=1 768w\" sizes=\"auto, (max-width: 900px) 100vw, 900px\" \/><\/figure><div class=\"elementor-image-box-content\"><h3 class=\"elementor-image-box-title\">Paula Andrea Caicedo Ch\u00e1ves<\/h3><p class=\"elementor-image-box-description\">Auxiliar administrativo <\/br>\nCorreo: pcaicedo@itp.edu.co<\/p><\/div><\/div>\t\t\t\t<\/div>\n\t\t\t\t<\/div>\n\t\t\t\t<\/div>\n\t\t<div class=\"elementor-element elementor-element-85fc69b e-con-full e-flex wpr-particle-no wpr-jarallax-no wpr-parallax-no wpr-sticky-section-no wpr-equal-height-no e-con e-child\" data-id=\"85fc69b\" data-element_type=\"container\" data-e-type=\"container\">\n\t\t\t\t<div class=\"elementor-element elementor-element-558c383 elementor-position-top elementor-widget elementor-widget-image-box\" data-id=\"558c383\" data-element_type=\"widget\" data-e-type=\"widget\" data-widget_type=\"image-box.default\">\n\t\t\t\t<div class=\"elementor-widget-container\">\n\t\t\t\t\t<div class=\"elementor-image-box-wrapper\"><figure class=\"elementor-image-box-img\"><img loading=\"lazy\" decoding=\"async\" width=\"718\" height=\"912\" src=\"https:\/\/i0.wp.com\/itp.edu.co\/ITP2022\/wp-content\/uploads\/2025\/09\/BibliotecaProfesionalApoyoColon.jpeg?fit=718%2C912&amp;ssl=1\" class=\"attachment-full size-full wp-image-14781\" alt=\"\" srcset=\"https:\/\/i0.wp.com\/itp.edu.co\/ITP2022\/wp-content\/uploads\/2025\/09\/BibliotecaProfesionalApoyoColon.jpeg?w=718&amp;ssl=1 718w, https:\/\/i0.wp.com\/itp.edu.co\/ITP2022\/wp-content\/uploads\/2025\/09\/BibliotecaProfesionalApoyoColon.jpeg?resize=236%2C300&amp;ssl=1 236w\" sizes=\"auto, (max-width: 718px) 100vw, 718px\" \/><\/figure><div class=\"elementor-image-box-content\"><h3 class=\"elementor-image-box-title\">Lorenza de Jes\u00fas C\u00e1rdenas Cer\u00f3n<\/h3><p class=\"elementor-image-box-description\">Apoyo a la Administraci\u00f3n <\/br>\nCorreo: ljcardenas@itp.edu.co<\/p><\/div><\/div>\t\t\t\t<\/div>\n\t\t\t\t<\/div>\n\t\t\t\t<\/div>\n\t\t\t\t\t<\/div>\n\t\t\t\t<\/div>\n\t\t<div class=\"elementor-element elementor-element-daa70d0 e-flex e-con-boxed wpr-particle-no wpr-jarallax-no wpr-parallax-no wpr-sticky-section-no wpr-equal-height-no e-con e-parent\" data-id=\"daa70d0\" data-element_type=\"container\" data-e-type=\"container\">\n\t\t\t\t\t<div class=\"e-con-inner\">\n\t\t\t\t<div class=\"elementor-element elementor-element-fd2ca87 elementor-widget elementor-widget-text-editor\" data-id=\"fd2ca87\" data-element_type=\"widget\" data-e-type=\"widget\" data-widget_type=\"text-editor.default\">\n\t\t\t\t<div class=\"elementor-widget-container\">\n\t\t\t\t\t\t\t\t\t<p>Ellos son quienes se encargan de garantizar el adecuado funcionamiento del espacio, los servicios y los recursos informativos. El grupo tiene como misi\u00f3n proporcionar a la comunidad acad\u00e9mica el acceso a materiales bibliogr\u00e1ficos actualizados, promoviendo un ambiente de investigaci\u00f3n, aprendizaje y desarrollo cultural. Adem\u00e1s, se encargan de organizar actividades como charlas, talleres y campa\u00f1as de fomento a la lectura, con el fin de incentivar el inter\u00e9s por la lectura y la investigaci\u00f3n.<br \/>Con el compromiso de apoyar el desarrollo acad\u00e9mico y profesional de los estudiantes, el equipo de la biblioteca tambi\u00e9n ofrece asesor\u00eda en el uso de recursos digitales, bases de datos, y herramientas de investigaci\u00f3n acad\u00e9mica, ayudando a los estudiantes a mejorar sus habilidades de b\u00fasqueda y an\u00e1lisis de informaci\u00f3n.<br \/>El grupo de trabajo en la biblioteca del Instituto Tecnol\u00f3gico del Putumayo es un pilar importante en la formaci\u00f3n integral de los estudiantes, ofreciendo un entorno que favorece la ense\u00f1anza, el aprendizaje y el acceso a la informaci\u00f3n.<\/p>\t\t\t\t\t\t\t\t<\/div>\n\t\t\t\t<\/div>\n\t\t\t\t\t<\/div>\n\t\t\t\t<\/div>\n\t\t\t\t<\/div>\n\t\t","protected":false},"excerpt":{"rendered":"<p>Biblioteca &#8211; Uniputumayo Equipo de Trabajo En la Instituci\u00f3n Universitaria del Putumayo, la biblioteca juega un papel fundamental en el proceso educativo y en el desarrollo acad\u00e9mico de estudiantes y docentes. El grupo de trabajo de la biblioteca est\u00e1 conformado por un equipo altamente comprometido en la sede principal el equipo de trabajo est\u00e1 conformado por: Sede Mocoa Gilberto Palacios Bola\u00f1os Auxiliar administrativo Correo: gipalacios@itp.edu.co Yuliza Mar\u00eda Obeid Coronado Profesional de apoyo Correo: yuliza.obeid@itp.edu.co Subsede Sibundoy Paula Andrea Caicedo Ch\u00e1ves Auxiliar administrativo Correo: pcaicedo@itp.edu.co Lorenza de Jes\u00fas C\u00e1rdenas Cer\u00f3n Apoyo a la Administraci\u00f3n Correo: ljcardenas@itp.edu.co Ellos son quienes se encargan de garantizar el adecuado funcionamiento del espacio, los servicios y los recursos informativos. El grupo tiene como misi\u00f3n proporcionar a la comunidad acad\u00e9mica el acceso a materiales bibliogr\u00e1ficos actualizados, promoviendo un ambiente de investigaci\u00f3n, aprendizaje y desarrollo cultural. Adem\u00e1s, se encargan de organizar actividades como charlas, talleres y campa\u00f1as de fomento a la lectura, con el fin de incentivar el inter\u00e9s por la lectura y la investigaci\u00f3n.Con el compromiso de apoyar el desarrollo acad\u00e9mico y profesional de los estudiantes, el equipo de la biblioteca tambi\u00e9n ofrece asesor\u00eda en el uso de recursos digitales, bases de datos, y herramientas de investigaci\u00f3n acad\u00e9mica, ayudando a los estudiantes a mejorar sus habilidades de b\u00fasqueda y an\u00e1lisis de informaci\u00f3n.El grupo de trabajo en la biblioteca del Instituto Tecnol\u00f3gico del Putumayo es un pilar importante en la formaci\u00f3n integral de los estudiantes, ofreciendo un entorno que favorece la ense\u00f1anza, el aprendizaje y el acceso a la informaci\u00f3n.<\/p>\n","protected":false},"author":1,"featured_media":0,"parent":0,"menu_order":0,"comment_status":"closed","ping_status":"closed","template":"","meta":{"_uag_custom_page_level_css":"","neve_meta_sidebar":"","neve_meta_container":"","neve_meta_enable_content_width":"","neve_meta_content_width":0,"neve_meta_title_alignment":"","neve_meta_author_avatar":"","neve_post_elements_order":"","neve_meta_disable_header":"","neve_meta_disable_footer":"","neve_meta_disable_title":"on","footnotes":""},"class_list":["post-14766","page","type-page","status-publish","hentry"],"uagb_featured_image_src":{"full":false,"thumbnail":false,"medium":false,"medium_large":false,"large":false,"1536x1536":false,"2048x2048":false,"neve-blog":false,"psacp-medium":false},"uagb_author_info":{"display_name":"administrador","author_link":"https:\/\/itp.edu.co\/ITP2022\/author\/administrador"},"uagb_comment_info":0,"uagb_excerpt":"Biblioteca &#8211; Uniputumayo Equipo de Trabajo En la Instituci\u00f3n Universitaria del Putumayo, la biblioteca juega un papel fundamental en el proceso educativo y en el desarrollo acad\u00e9mico de estudiantes y docentes. El grupo de trabajo de la biblioteca est\u00e1 conformado por un equipo altamente comprometido en la sede principal el equipo de trabajo est\u00e1 conformado&hellip;","jetpack-related-posts":[],"jetpack_sharing_enabled":true,"rttpg_featured_image_url":null,"rttpg_author":{"display_name":"administrador","author_link":"https:\/\/itp.edu.co\/ITP2022\/author\/administrador"},"rttpg_comment":0,"rttpg_category":null,"rttpg_excerpt":"Biblioteca &#8211; Uniputumayo Equipo de Trabajo En la Instituci\u00f3n Universitaria del Putumayo, la biblioteca juega un papel fundamental en el proceso educativo y en el desarrollo acad\u00e9mico de estudiantes y docentes. El grupo de trabajo de la biblioteca est\u00e1 conformado por un equipo altamente comprometido en la sede principal el equipo de trabajo est\u00e1 conformado&hellip;","_links":{"self":[{"href":"https:\/\/itp.edu.co\/ITP2022\/index.php?rest_route=\/wp\/v2\/pages\/14766","targetHints":{"allow":["GET"]}}],"collection":[{"href":"https:\/\/itp.edu.co\/ITP2022\/index.php?rest_route=\/wp\/v2\/pages"}],"about":[{"href":"https:\/\/itp.edu.co\/ITP2022\/index.php?rest_route=\/wp\/v2\/types\/page"}],"author":[{"embeddable":true,"href":"https:\/\/itp.edu.co\/ITP2022\/index.php?rest_route=\/wp\/v2\/users\/1"}],"replies":[{"embeddable":true,"href":"https:\/\/itp.edu.co\/ITP2022\/index.php?rest_route=%2Fwp%2Fv2%2Fcomments&post=14766"}],"version-history":[{"count":25,"href":"https:\/\/itp.edu.co\/ITP2022\/index.php?rest_route=\/wp\/v2\/pages\/14766\/revisions"}],"predecessor-version":[{"id":14820,"href":"https:\/\/itp.edu.co\/ITP2022\/index.php?rest_route=\/wp\/v2\/pages\/14766\/revisions\/14820"}],"wp:attachment":[{"href":"https:\/\/itp.edu.co\/ITP2022\/index.php?rest_route=%2Fwp%2Fv2%2Fmedia&parent=14766"}],"curies":[{"name":"wp","href":"https:\/\/api.w.org\/{rel}","templated":true}]}}