{"id":14764,"date":"2025-09-29T18:32:17","date_gmt":"2025-09-29T23:32:17","guid":{"rendered":"https:\/\/itp.edu.co\/ITP2022\/?page_id=14764"},"modified":"2025-09-30T14:10:25","modified_gmt":"2025-09-30T19:10:25","slug":"biblioteca-uniputumayo-sobre-nosotros","status":"publish","type":"page","link":"https:\/\/itp.edu.co\/ITP2022\/?page_id=14764","title":{"rendered":"Biblioteca Uniputumayo &#8211; Quienes somos"},"content":{"rendered":"<div class=\"wp-block-image\">\n<figure class=\"aligncenter size-large is-resized\"><img data-recalc-dims=\"1\" loading=\"lazy\" decoding=\"async\" width=\"1024\" height=\"330\" src=\"https:\/\/i0.wp.com\/itp.edu.co\/ITP2022\/wp-content\/uploads\/2025\/07\/Logo-azul-PNG-01-1024x330.png?resize=1024%2C330&#038;ssl=1\" alt=\"\" class=\"wp-image-14311\" style=\"width:391px;height:auto\" srcset=\"https:\/\/i0.wp.com\/itp.edu.co\/ITP2022\/wp-content\/uploads\/2025\/07\/Logo-azul-PNG-01-scaled.png?resize=1024%2C330&amp;ssl=1 1024w, https:\/\/i0.wp.com\/itp.edu.co\/ITP2022\/wp-content\/uploads\/2025\/07\/Logo-azul-PNG-01-scaled.png?resize=300%2C97&amp;ssl=1 300w, https:\/\/i0.wp.com\/itp.edu.co\/ITP2022\/wp-content\/uploads\/2025\/07\/Logo-azul-PNG-01-scaled.png?resize=768%2C248&amp;ssl=1 768w, https:\/\/i0.wp.com\/itp.edu.co\/ITP2022\/wp-content\/uploads\/2025\/07\/Logo-azul-PNG-01-scaled.png?resize=1536%2C496&amp;ssl=1 1536w, https:\/\/i0.wp.com\/itp.edu.co\/ITP2022\/wp-content\/uploads\/2025\/07\/Logo-azul-PNG-01-scaled.png?resize=2048%2C661&amp;ssl=1 2048w, https:\/\/i0.wp.com\/itp.edu.co\/ITP2022\/wp-content\/uploads\/2025\/07\/Logo-azul-PNG-01-scaled.png?w=2400&amp;ssl=1 2400w\" sizes=\"auto, (max-width: 1024px) 100vw, 1024px\" \/><\/figure>\n<\/div>\n\n\n<div style=\"height:100px\" aria-hidden=\"true\" class=\"wp-block-spacer\"><\/div>\n\n\n\n<p>La Biblioteca de la Instituci\u00f3n Universitaria del Putumayo es un espacio dedicado al fomento del conocimiento, la investigaci\u00f3n y el aprendizaje. Somos un centro de recursos educativos y culturales que apoya el desarrollo acad\u00e9mico de nuestros estudiantes, docentes, administrativos, egresados y la comunidad en general. Nuestro objetivo es brindar acceso a una amplia variedad de fuentes de informaci\u00f3n, desde libros, revistas y documentos digitales, hasta bases de datos especializadas que facilitan la formaci\u00f3n integral de los usuarios.<\/p>\n\n\n\n<p><br>En la Biblioteca Institucional, trabajamos para crear un ambiente acogedor y de colaboraci\u00f3n, promoviendo el uso adecuado de la informaci\u00f3n y estimulando la curiosidad intelectual. Contamos con un equipo de profesionales comprometidos con la gesti\u00f3n eficiente de los recursos y con la capacitaci\u00f3n constante en el acceso a nuestros materiales bibliogr\u00e1ficos, plataformas virtuales y repositorio Institucional. Adem\u00e1s, ofrecemos servicios de asesor\u00eda bibliogr\u00e1fica, pr\u00e9stamo de materiales y espacios para el estudio y la investigaci\u00f3n, con el fin de contribuir a la excelencia educativa de nuestra instituci\u00f3<\/p>\n\n\n<div class=\"wp-block-image\">\n<figure class=\"aligncenter size-large is-resized\"><img data-recalc-dims=\"1\" loading=\"lazy\" decoding=\"async\" width=\"1024\" height=\"1024\" src=\"https:\/\/i0.wp.com\/itp.edu.co\/ITP2022\/wp-content\/uploads\/2025\/07\/Isotipo-300x300-01-1024x1024.png?resize=1024%2C1024&#038;ssl=1\" alt=\"\" class=\"wp-image-14310\" style=\"width:202px;height:auto\" srcset=\"https:\/\/i0.wp.com\/itp.edu.co\/ITP2022\/wp-content\/uploads\/2025\/07\/Isotipo-300x300-01.png?resize=1024%2C1024&amp;ssl=1 1024w, https:\/\/i0.wp.com\/itp.edu.co\/ITP2022\/wp-content\/uploads\/2025\/07\/Isotipo-300x300-01.png?resize=300%2C300&amp;ssl=1 300w, https:\/\/i0.wp.com\/itp.edu.co\/ITP2022\/wp-content\/uploads\/2025\/07\/Isotipo-300x300-01.png?resize=150%2C150&amp;ssl=1 150w, https:\/\/i0.wp.com\/itp.edu.co\/ITP2022\/wp-content\/uploads\/2025\/07\/Isotipo-300x300-01.png?resize=768%2C768&amp;ssl=1 768w, https:\/\/i0.wp.com\/itp.edu.co\/ITP2022\/wp-content\/uploads\/2025\/07\/Isotipo-300x300-01.png?resize=500%2C500&amp;ssl=1 500w, https:\/\/i0.wp.com\/itp.edu.co\/ITP2022\/wp-content\/uploads\/2025\/07\/Isotipo-300x300-01.png?w=1250&amp;ssl=1 1250w\" sizes=\"auto, (max-width: 1024px) 100vw, 1024px\" \/><\/figure>\n<\/div>","protected":false},"excerpt":{"rendered":"<p>La Biblioteca de la Instituci\u00f3n Universitaria del Putumayo es un espacio dedicado al fomento del conocimiento, la investigaci\u00f3n y el aprendizaje. Somos un centro de recursos educativos y culturales que apoya el desarrollo acad\u00e9mico de nuestros estudiantes, docentes, administrativos, egresados y la comunidad en general. Nuestro objetivo es brindar acceso a una amplia variedad de fuentes de informaci\u00f3n, desde libros, revistas y documentos digitales, hasta bases de datos especializadas que facilitan la formaci\u00f3n integral de los usuarios. En la Biblioteca Institucional, trabajamos para crear un ambiente acogedor y de colaboraci\u00f3n, promoviendo el uso adecuado de la informaci\u00f3n y estimulando la curiosidad intelectual. Contamos con un equipo de profesionales comprometidos con la gesti\u00f3n eficiente de los recursos y con la capacitaci\u00f3n constante en el acceso a nuestros materiales bibliogr\u00e1ficos, plataformas virtuales y repositorio Institucional. Adem\u00e1s, ofrecemos servicios de asesor\u00eda bibliogr\u00e1fica, pr\u00e9stamo de materiales y espacios para el estudio y la investigaci\u00f3n, con el fin de contribuir a la excelencia educativa de nuestra instituci\u00f3<\/p>\n","protected":false},"author":1,"featured_media":0,"parent":0,"menu_order":0,"comment_status":"closed","ping_status":"closed","template":"","meta":{"_uag_custom_page_level_css":"","neve_meta_sidebar":"right","neve_meta_container":"default","neve_meta_enable_content_width":"","neve_meta_content_width":70,"neve_meta_title_alignment":"","neve_meta_author_avatar":"","neve_post_elements_order":"","neve_meta_disable_header":"off","neve_meta_disable_footer":"","neve_meta_disable_title":"off","footnotes":""},"class_list":["post-14764","page","type-page","status-publish","hentry"],"uagb_featured_image_src":{"full":false,"thumbnail":false,"medium":false,"medium_large":false,"large":false,"1536x1536":false,"2048x2048":false,"neve-blog":false,"psacp-medium":false},"uagb_author_info":{"display_name":"administrador","author_link":"https:\/\/itp.edu.co\/ITP2022\/author\/administrador"},"uagb_comment_info":0,"uagb_excerpt":"La Biblioteca de la Instituci\u00f3n Universitaria del Putumayo es un espacio dedicado al fomento del conocimiento, la investigaci\u00f3n y el aprendizaje. Somos un centro de recursos educativos y culturales que apoya el desarrollo acad\u00e9mico de nuestros estudiantes, docentes, administrativos, egresados y la comunidad en general. Nuestro objetivo es brindar acceso a una amplia variedad de&hellip;","jetpack-related-posts":[],"jetpack_sharing_enabled":true,"rttpg_featured_image_url":null,"rttpg_author":{"display_name":"administrador","author_link":"https:\/\/itp.edu.co\/ITP2022\/author\/administrador"},"rttpg_comment":0,"rttpg_category":null,"rttpg_excerpt":"La Biblioteca de la Instituci\u00f3n Universitaria del Putumayo es un espacio dedicado al fomento del conocimiento, la investigaci\u00f3n y el aprendizaje. Somos un centro de recursos educativos y culturales que apoya el desarrollo acad\u00e9mico de nuestros estudiantes, docentes, administrativos, egresados y la comunidad en general. Nuestro objetivo es brindar acceso a una amplia variedad de&hellip;","_links":{"self":[{"href":"https:\/\/itp.edu.co\/ITP2022\/index.php?rest_route=\/wp\/v2\/pages\/14764","targetHints":{"allow":["GET"]}}],"collection":[{"href":"https:\/\/itp.edu.co\/ITP2022\/index.php?rest_route=\/wp\/v2\/pages"}],"about":[{"href":"https:\/\/itp.edu.co\/ITP2022\/index.php?rest_route=\/wp\/v2\/types\/page"}],"author":[{"embeddable":true,"href":"https:\/\/itp.edu.co\/ITP2022\/index.php?rest_route=\/wp\/v2\/users\/1"}],"replies":[{"embeddable":true,"href":"https:\/\/itp.edu.co\/ITP2022\/index.php?rest_route=%2Fwp%2Fv2%2Fcomments&post=14764"}],"version-history":[{"count":2,"href":"https:\/\/itp.edu.co\/ITP2022\/index.php?rest_route=\/wp\/v2\/pages\/14764\/revisions"}],"predecessor-version":[{"id":14821,"href":"https:\/\/itp.edu.co\/ITP2022\/index.php?rest_route=\/wp\/v2\/pages\/14764\/revisions\/14821"}],"wp:attachment":[{"href":"https:\/\/itp.edu.co\/ITP2022\/index.php?rest_route=%2Fwp%2Fv2%2Fmedia&parent=14764"}],"curies":[{"name":"wp","href":"https:\/\/api.w.org\/{rel}","templated":true}]}}