{"id":14758,"date":"2025-09-29T17:19:10","date_gmt":"2025-09-29T22:19:10","guid":{"rendered":"https:\/\/itp.edu.co\/ITP2022\/?page_id=14758"},"modified":"2025-09-29T18:11:36","modified_gmt":"2025-09-29T23:11:36","slug":"bilioteca-uniputumayo-sobre-nosotros","status":"publish","type":"page","link":"https:\/\/itp.edu.co\/ITP2022\/?page_id=14758","title":{"rendered":"Bilioteca Uniputumayo &#8211; Sobre Nosotros"},"content":{"rendered":"<div class=\"wp-block-image\">\n<figure class=\"aligncenter size-large is-resized\"><img data-recalc-dims=\"1\" loading=\"lazy\" decoding=\"async\" width=\"1024\" height=\"330\" src=\"https:\/\/i0.wp.com\/itp.edu.co\/ITP2022\/wp-content\/uploads\/2025\/07\/Logo-azul-PNG-01-1024x330.png?resize=1024%2C330&#038;ssl=1\" alt=\"\" class=\"wp-image-14311\" style=\"width:396px;height:auto\" srcset=\"https:\/\/i0.wp.com\/itp.edu.co\/ITP2022\/wp-content\/uploads\/2025\/07\/Logo-azul-PNG-01-scaled.png?resize=1024%2C330&amp;ssl=1 1024w, https:\/\/i0.wp.com\/itp.edu.co\/ITP2022\/wp-content\/uploads\/2025\/07\/Logo-azul-PNG-01-scaled.png?resize=300%2C97&amp;ssl=1 300w, https:\/\/i0.wp.com\/itp.edu.co\/ITP2022\/wp-content\/uploads\/2025\/07\/Logo-azul-PNG-01-scaled.png?resize=768%2C248&amp;ssl=1 768w, https:\/\/i0.wp.com\/itp.edu.co\/ITP2022\/wp-content\/uploads\/2025\/07\/Logo-azul-PNG-01-scaled.png?resize=1536%2C496&amp;ssl=1 1536w, https:\/\/i0.wp.com\/itp.edu.co\/ITP2022\/wp-content\/uploads\/2025\/07\/Logo-azul-PNG-01-scaled.png?resize=2048%2C661&amp;ssl=1 2048w, https:\/\/i0.wp.com\/itp.edu.co\/ITP2022\/wp-content\/uploads\/2025\/07\/Logo-azul-PNG-01-scaled.png?w=2400&amp;ssl=1 2400w\" sizes=\"auto, (max-width: 1024px) 100vw, 1024px\" \/><\/figure>\n<\/div>\n\n\n<p class=\"has-text-align-center has-large-font-size\"><\/p>\n\n\n\n<div style=\"height:100px\" aria-hidden=\"true\" class=\"wp-block-spacer\"><\/div>\n\n\n\n<p>La Biblioteca de la Instituci\u00f3n Universitaria del Putumayo es un espacio dedicado al fomento de la lectura, el aprendizaje y el desarrollo acad\u00e9mico de nuestra comunidad educativa. Contamos con un amplio repertorio de recursos bibliogr\u00e1ficos, digitales y audiovisuales, orientados a apoyar el proceso formativo de nuestros estudiantes y docentes en diversas \u00e1reas del conocimiento.<\/p>\n\n\n\n<p><br>Nuestra misi\u00f3n es ser un centro de informaci\u00f3n que facilite el acceso a fuentes actualizadas y de calidad, contribuyendo al crecimiento acad\u00e9mico, cient\u00edfico y cultural de nuestra comunidad acad\u00e9mica. Adem\u00e1s, buscamos promover la lectura cr\u00edtica y reflexiva, proporcionando herramientas que fortalezcan las habilidades de investigaci\u00f3n y aprendizaje aut\u00f3nomo.<\/p>\n\n\n\n<p><br>Nos enorgullece ser un punto de encuentro para el intercambio de ideas y el desarrollo intelectual, promoviendo un ambiente de colaboraci\u00f3n y respeto. Invitamos a todos los miembros de la comunidad acad\u00e9mica como nuestros estudiantes, docentes, administrativos, egresados y comunidad en general a aprovechar los servicios y recursos que ponemos a su disposici\u00f3n, con el objetivo de enriquecer su formaci\u00f3n y aportar al progreso de nuestra instituci\u00f3n y de la regi\u00f3n del Putumayo.<\/p>\n\n\n\n<div class=\"wp-block-cover is-light is-layout-constrained wp-block-cover-is-layout-constrained\"><img data-recalc-dims=\"1\" loading=\"lazy\" decoding=\"async\" width=\"1024\" height=\"365\" class=\"wp-block-cover__image-background wp-image-14655 size-large\" alt=\"\" src=\"https:\/\/i0.wp.com\/itp.edu.co\/ITP2022\/wp-content\/uploads\/2025\/09\/PortadaBiblioteca.png?resize=1024%2C365&#038;ssl=1\" data-object-fit=\"cover\" srcset=\"https:\/\/i0.wp.com\/itp.edu.co\/ITP2022\/wp-content\/uploads\/2025\/09\/PortadaBiblioteca.png?resize=1024%2C365&amp;ssl=1 1024w, https:\/\/i0.wp.com\/itp.edu.co\/ITP2022\/wp-content\/uploads\/2025\/09\/PortadaBiblioteca.png?resize=300%2C107&amp;ssl=1 300w, https:\/\/i0.wp.com\/itp.edu.co\/ITP2022\/wp-content\/uploads\/2025\/09\/PortadaBiblioteca.png?resize=768%2C274&amp;ssl=1 768w, https:\/\/i0.wp.com\/itp.edu.co\/ITP2022\/wp-content\/uploads\/2025\/09\/PortadaBiblioteca.png?w=1280&amp;ssl=1 1280w\" sizes=\"auto, (max-width: 1024px) 100vw, 1024px\" \/><span aria-hidden=\"true\" class=\"wp-block-cover__background has-background-dim\" style=\"background-color:#c0bfbe\"><\/span><div class=\"wp-block-cover__inner-container\"><\/div><\/div>\n","protected":false},"excerpt":{"rendered":"<p>La Biblioteca de la Instituci\u00f3n Universitaria del Putumayo es un espacio dedicado al fomento de la lectura, el aprendizaje y el desarrollo acad\u00e9mico de nuestra comunidad educativa. Contamos con un amplio repertorio de recursos bibliogr\u00e1ficos, digitales y audiovisuales, orientados a apoyar el proceso formativo de nuestros estudiantes y docentes en diversas \u00e1reas del conocimiento. Nuestra misi\u00f3n es ser un centro de informaci\u00f3n que facilite el acceso a fuentes actualizadas y de calidad, contribuyendo al crecimiento acad\u00e9mico, cient\u00edfico y cultural de nuestra comunidad acad\u00e9mica. Adem\u00e1s, buscamos promover la lectura cr\u00edtica y reflexiva, proporcionando herramientas que fortalezcan las habilidades de investigaci\u00f3n y aprendizaje aut\u00f3nomo. Nos enorgullece ser un punto de encuentro para el intercambio de ideas y el desarrollo intelectual, promoviendo un ambiente de colaboraci\u00f3n y respeto. Invitamos a todos los miembros de la comunidad acad\u00e9mica como nuestros estudiantes, docentes, administrativos, egresados y comunidad en general a aprovechar los servicios y recursos que ponemos a su disposici\u00f3n, con el objetivo de enriquecer su formaci\u00f3n y aportar al progreso de nuestra instituci\u00f3n y de la regi\u00f3n del Putumayo.<\/p>\n","protected":false},"author":1,"featured_media":0,"parent":0,"menu_order":0,"comment_status":"closed","ping_status":"closed","template":"","meta":{"_uag_custom_page_level_css":"","neve_meta_sidebar":"","neve_meta_container":"","neve_meta_enable_content_width":"","neve_meta_content_width":0,"neve_meta_title_alignment":"","neve_meta_author_avatar":"","neve_post_elements_order":"","neve_meta_disable_header":"","neve_meta_disable_footer":"","neve_meta_disable_title":"","footnotes":""},"class_list":["post-14758","page","type-page","status-publish","hentry"],"uagb_featured_image_src":{"full":false,"thumbnail":false,"medium":false,"medium_large":false,"large":false,"1536x1536":false,"2048x2048":false,"neve-blog":false,"psacp-medium":false},"uagb_author_info":{"display_name":"administrador","author_link":"https:\/\/itp.edu.co\/ITP2022\/author\/administrador"},"uagb_comment_info":0,"uagb_excerpt":"La Biblioteca de la Instituci\u00f3n Universitaria del Putumayo es un espacio dedicado al fomento de la lectura, el aprendizaje y el desarrollo acad\u00e9mico de nuestra comunidad educativa. Contamos con un amplio repertorio de recursos bibliogr\u00e1ficos, digitales y audiovisuales, orientados a apoyar el proceso formativo de nuestros estudiantes y docentes en diversas \u00e1reas del conocimiento. Nuestra&hellip;","jetpack-related-posts":[],"jetpack_sharing_enabled":true,"rttpg_featured_image_url":null,"rttpg_author":{"display_name":"administrador","author_link":"https:\/\/itp.edu.co\/ITP2022\/author\/administrador"},"rttpg_comment":0,"rttpg_category":null,"rttpg_excerpt":"La Biblioteca de la Instituci\u00f3n Universitaria del Putumayo es un espacio dedicado al fomento de la lectura, el aprendizaje y el desarrollo acad\u00e9mico de nuestra comunidad educativa. Contamos con un amplio repertorio de recursos bibliogr\u00e1ficos, digitales y audiovisuales, orientados a apoyar el proceso formativo de nuestros estudiantes y docentes en diversas \u00e1reas del conocimiento. Nuestra&hellip;","_links":{"self":[{"href":"https:\/\/itp.edu.co\/ITP2022\/index.php?rest_route=\/wp\/v2\/pages\/14758","targetHints":{"allow":["GET"]}}],"collection":[{"href":"https:\/\/itp.edu.co\/ITP2022\/index.php?rest_route=\/wp\/v2\/pages"}],"about":[{"href":"https:\/\/itp.edu.co\/ITP2022\/index.php?rest_route=\/wp\/v2\/types\/page"}],"author":[{"embeddable":true,"href":"https:\/\/itp.edu.co\/ITP2022\/index.php?rest_route=\/wp\/v2\/users\/1"}],"replies":[{"embeddable":true,"href":"https:\/\/itp.edu.co\/ITP2022\/index.php?rest_route=%2Fwp%2Fv2%2Fcomments&post=14758"}],"version-history":[{"count":3,"href":"https:\/\/itp.edu.co\/ITP2022\/index.php?rest_route=\/wp\/v2\/pages\/14758\/revisions"}],"predecessor-version":[{"id":14763,"href":"https:\/\/itp.edu.co\/ITP2022\/index.php?rest_route=\/wp\/v2\/pages\/14758\/revisions\/14763"}],"wp:attachment":[{"href":"https:\/\/itp.edu.co\/ITP2022\/index.php?rest_route=%2Fwp%2Fv2%2Fmedia&parent=14758"}],"curies":[{"name":"wp","href":"https:\/\/api.w.org\/{rel}","templated":true}]}}